{"id":11,"date":"2026-01-21T12:29:59","date_gmt":"2026-01-21T12:29:59","guid":{"rendered":"https:\/\/789pp.me\/?page_id=11"},"modified":"2026-04-09T09:40:57","modified_gmt":"2026-04-09T09:40:57","slug":"trang-chu-789p","status":"publish","type":"page","link":"https:\/\/wxnmsq.ru.com\/","title":{"rendered":"trang ch\u1ee7 789P"},"content":{"rendered":"\t<div class=\"img has-hover x md-x lg-x y md-y lg-y\" id=\"image_655295108\">\n\t\t\t\t\t\t\t\t<div class=\"img-inner dark\" >\n\t\t\t<img loading=\"lazy\" decoding=\"async\" width=\"1920\" height=\"600\" src=\"https:\/\/wxnmsq.ru.com\/wp-content\/uploads\/2026\/01\/banner-1.webp\" class=\"attachment-original size-original\" alt=\"banner-789p\" srcset=\"https:\/\/wxnmsq.ru.com\/wp-content\/uploads\/2026\/01\/banner-1.webp 1920w, https:\/\/wxnmsq.ru.com\/wp-content\/uploads\/2026\/01\/banner-1-300x94.webp 300w, https:\/\/wxnmsq.ru.com\/wp-content\/uploads\/2026\/01\/banner-1-1024x320.webp 1024w, https:\/\/wxnmsq.ru.com\/wp-content\/uploads\/2026\/01\/banner-1-768x240.webp 768w, https:\/\/wxnmsq.ru.com\/wp-content\/uploads\/2026\/01\/banner-1-1536x480.webp 1536w\" sizes=\"auto, (max-width: 1920px) 100vw, 1920px\" \/>\t\t\t\t\t\t\n\t\t\t\t\t<\/div>\n\t\t\t\t\t\t\t\t\n<style>\n#image_655295108 {\n  width: 100%;\n}\n<\/style>\n\t<\/div>\n\t\n\n\t<section class=\"section\" id=\"section_1840563837\">\n\t\t<div class=\"section-bg fill\" >\n\t\t\t\t\t\t\t\t\t\n\t\t\t\n\n\t\t<\/div>\n\n\t\t\n\n\t\t<div class=\"section-content relative\">\n\t\t\t\n<div class=\"row\"  id=\"row-1348520628\">\n\n\t<div id=\"col-758645515\" class=\"col small-12 large-12\"  >\n\t\t\t\t<div class=\"col-inner\"  >\n\t\t\t\n\t\t\t\n<h1 style=\"text-align: center;\"><strong>789P | Trang Ch\u1ee7 \u0110\u0103ng K\u00fd &#8211; \u0110\u0103ng Nh\u1eadp 789P.COM Ch\u00ednh G\u1ed1c +88K<br \/>\n<\/strong><\/h1>\n<p><strong><a href=\"https:\/\/wxnmsq.ru.com\/\">789P<\/a><\/strong>\u00a0kh\u00f4ng \u0111\u01a1n thu\u1ea7n l\u00e0 m\u1ed9t c\u1ed5ng gi\u1ea3i tr\u00ed tr\u1ef1c tuy\u1ebfn, m\u00e0 l\u00e0 \u201c\u0111i\u1ec3m d\u1eebng ch\u00e2n\u201d l\u00fd t\u01b0\u1edfng cho anh em mu\u1ed1n tr\u1ea3i nghi\u1ec7m c\u00e1 c\u01b0\u1ee3c minh b\u1ea1ch \u2013 nhanh \u2013 g\u1ecdn ngay t\u1eeb l\u1ea7n \u0111\u1ea7u truy c\u1eadp. Ch\u1ec9 v\u1edbi <strong data-start=\"180\" data-end=\"202\">30\u201360 gi\u00e2y \u0111\u0103ng k\u00fd<\/strong>, ng\u01b0\u1eddi ch\u01a1i \u0111\u00e3 c\u00f3 th\u1ec3 v\u00e0o h\u1ec7 th\u1ed1ng v\u00e0 nh\u1eadn ngay <strong data-start=\"251\" data-end=\"281\">+88K ti\u1ec1n th\u01b0\u1edfng kh\u1edfi \u0111\u1ed9ng<\/strong>, kh\u00f4ng r\u01b0\u1eddm r\u00e0 gi\u1ea5y t\u1edd hay x\u00e1c minh ph\u1ee9c t\u1ea1p. Theo tr\u1ea3i nghi\u1ec7m th\u1ef1c t\u1ebf c\u1ee7a nhi\u1ec1u game th\u1ee7, t\u1ed1c \u0111\u1ed9 <strong data-start=\"380\" data-end=\"440\">n\u1ea1p \u2013 r\u00fat t\u1ea1i 789P duy tr\u00ec \u1ed5n \u0111\u1ecbnh trong kho\u1ea3ng 3\u20135 ph\u00fat<\/strong>, h\u1ea1n ch\u1ebf t\u1ed1i \u0111a t\u00ecnh tr\u1ea1ng ch\u1edd \u0111\u1ee3i g\u00e2y \u201ct\u1ee5t mood\u201d, \u0111\u1eb7c bi\u1ec7t trong nh\u1eefng khung gi\u1edd cao \u0111i\u1ec3m. \u0110\u00e2y l\u00e0 m\u1ed9t trong nh\u1eefng y\u1ebfu t\u1ed1 gi\u00fap n\u1ec1n t\u1ea3ng n\u00e0y gi\u1eef ch\u00e2n ng\u01b0\u1eddi ch\u01a1i l\u00e2u d\u00e0i.<\/p>\n<p data-start=\"611\" data-end=\"1118\">Kh\u00f4ng ch\u1ec9 nhanh \u1edf thao t\u00e1c, 789P c\u00f2n t\u1ea1o d\u1ea5u \u1ea5n nh\u1edd h\u1ec7 sinh th\u00e1i game \u0111a d\u1ea1ng: t\u1eeb <strong data-start=\"693\" data-end=\"717\">casino live chu\u1ea9n HD<\/strong>, <strong data-start=\"719\" data-end=\"770\">th\u1ec3 thao t\u1ef7 l\u1ec7 k\u00e8o c\u1eadp nh\u1eadt theo th\u1eddi gian th\u1ef1c<\/strong>, \u0111\u1ebfn <strong data-start=\"776\" data-end=\"802\">slot n\u1ed5 h\u0169 v\u1edbi RTP cao<\/strong>, mang l\u1ea1i c\u1ea3m gi\u00e1c ch\u01a1i \u201cc\u00f3 c\u01a1 s\u1edf\u201d ch\u1ee9 kh\u00f4ng \u0111\u01a1n thu\u1ea7n l\u00e0 may r\u1ee7i. Giao di\u1ec7n \u0111\u01b0\u1ee3c t\u1ed1i \u01b0u th\u00e2n thi\u1ec7n, d\u1ec5 thao t\u00e1c k\u1ec3 c\u1ea3 v\u1edbi ng\u01b0\u1eddi m\u1edbi, c\u00f9ng v\u1edbi <strong data-start=\"946\" data-end=\"1030\">link truy c\u1eadp ch\u00ednh g\u1ed1c 789P.COM lu\u00f4n \u1ed5n \u0111\u1ecbnh, h\u1ea1n ch\u1ebf t\u1ed1i \u0111a t\u00ecnh tr\u1ea1ng b\u1ecb ch\u1eb7n<\/strong> \u2013 \u0111\u00e2y l\u00e0 \u0111i\u1ec3m c\u1ed9ng c\u1ef1c l\u1edbn trong b\u1ed1i c\u1ea3nh nhi\u1ec1u n\u1ec1n t\u1ea3ng th\u01b0\u1eddng xuy\u00ean g\u1eb7p l\u1ed7i truy c\u1eadp.<\/p>\n<p data-start=\"1120\" data-end=\"1465\" data-is-last-node=\"\" data-is-only-node=\"\">\u0110i\u1ec1u \u0111\u00e1ng n\u00f3i l\u00e0 789P kh\u00f4ng ch\u1ec9 \u201cn\u00f3i hay\u201d m\u00e0 c\u00f2n th\u1ec3 hi\u1ec7n r\u00f5 qua tr\u1ea3i nghi\u1ec7m th\u1ef1c: t\u1eeb t\u1ed1c \u0111\u1ed9 x\u1eed l\u00fd, \u0111\u1ed9 \u1ed5n \u0111\u1ecbnh h\u1ec7 th\u1ed1ng \u0111\u1ebfn ch\u00ednh s\u00e1ch \u01b0u \u0111\u00e3i minh b\u1ea1ch. V\u1edbi nh\u1eefng ai \u0111ang t\u00ecm ki\u1ebfm m\u1ed9t n\u1ec1n t\u1ea3ng v\u1eeba <strong data-start=\"1317\" data-end=\"1354\">uy t\u00edn \u2013 d\u1ec5 d\u00f9ng \u2013 c\u00f3 th\u01b0\u1edfng th\u1eadt<\/strong>, l\u1ea1i \u0111\u1ea3m b\u1ea3o y\u1ebfu t\u1ed1 an to\u00e0n khi \u0111\u0103ng k\u00fd v\u00e0 \u0111\u0103ng nh\u1eadp, th\u00ec <strong><a href=\"https:\/\/wxnmsq.ru.com\/\">https:\/\/wxnmsq.ru.com\/<\/a><\/strong> ch\u00ednh l\u00e0 l\u1ef1a ch\u1ecdn \u0111\u00e1ng \u0111\u1ec3 b\u1eaft \u0111\u1ea7u ngay h\u00f4m nay.<\/p>\n<div class=\"container section-title-container\" ><h2 class=\"section-title section-title-center\"><b><\/b><span class=\"section-title-main\" >FAQ \u2013 Gi\u1ea3i \u0110\u00e1p C\u00e2u H\u1ecfi Th\u01b0\u1eddng G\u1eb7p V\u1ec1 789P<\/span><b><\/b><\/h2><\/div>\n<div class=\"accordion\">\n\t<div id=\"accordion-1574190435\" class=\"accordion-item\">\n\t\t<a id=\"accordion-1574190435-label\" class=\"accordion-title plain\" href=\"#accordion-item-789p-l\u00e0-g\u00ec-v\u00e0-v\u00ec-sao-\u0111\u01b0\u1ee3c-nhi\u1ec1u-ng\u01b0\u1eddi-t\u00ecm-ki\u1ebfm?\" aria-expanded=\"false\" aria-controls=\"accordion-1574190435-content\" >\n\t\t\t<button class=\"toggle\" aria-label=\"Chuy\u1ec3n \u0111\u1ed5i\"><i class=\"icon-angle-down\"><\/i><\/button>\n\t\t\t<span>789P l\u00e0 g\u00ec v\u00e0 v\u00ec sao \u0111\u01b0\u1ee3c nhi\u1ec1u ng\u01b0\u1eddi t\u00ecm ki\u1ebfm?<\/span>\n\t\t<\/a>\n\t\t<div id=\"accordion-1574190435-content\" class=\"accordion-inner\" aria-labelledby=\"accordion-1574190435-label\" >\n\t\t\t\n<p>789P l\u00e0 m\u1ed9t c\u1ed5ng game gi\u1ea3i tr\u00ed tr\u1ef1c tuy\u1ebfn cung c\u1ea5p nhi\u1ec1u h\u00ecnh th\u1ee9c ch\u01a1i ph\u1ed5 bi\u1ebfn nh\u01b0 c\u00e1 c\u01b0\u1ee3c th\u1ec3 thao, casino tr\u1ef1c tuy\u1ebfn, slot game v\u00e0 game b\u00e0i \u0111\u1ed5i th\u01b0\u1edfng. N\u1ec1n t\u1ea3ng n\u00e0y \u0111\u01b0\u1ee3c nhi\u1ec1u ng\u01b0\u1eddi quan t\u00e2m nh\u1edd giao di\u1ec7n d\u1ec5 s\u1eed d\u1ee5ng, t\u1ed1c \u0111\u1ed9 truy c\u1eadp \u1ed5n \u0111\u1ecbnh v\u00e0 th\u01b0\u1eddng xuy\u00ean c\u00f3 c\u00e1c ch\u01b0\u01a1ng tr\u00ecnh khuy\u1ebfn m\u00e3i d\u00e0nh cho ng\u01b0\u1eddi ch\u01a1i m\u1edbi.<\/p>\n\t\t<\/div>\n\t<\/div>\n\t\n\t<div id=\"accordion-3702835903\" class=\"accordion-item\">\n\t\t<a id=\"accordion-3702835903-label\" class=\"accordion-title plain\" href=\"#accordion-item-trang-ch\u1ee7-789p-c\u00f3-vai-tr\u00f2-g\u00ec?\" aria-expanded=\"false\" aria-controls=\"accordion-3702835903-content\" >\n\t\t\t<button class=\"toggle\" aria-label=\"Chuy\u1ec3n \u0111\u1ed5i\"><i class=\"icon-angle-down\"><\/i><\/button>\n\t\t\t<span>Trang ch\u1ee7 789P c\u00f3 vai tr\u00f2 g\u00ec?<\/span>\n\t\t<\/a>\n\t\t<div id=\"accordion-3702835903-content\" class=\"accordion-inner\" aria-labelledby=\"accordion-3702835903-label\" >\n\t\t\t\n<p>Trang ch\u1ee7 789P l\u00e0 n\u01a1i t\u1eadp trung to\u00e0n b\u1ed9 d\u1ecbch v\u1ee5 c\u1ee7a h\u1ec7 th\u1ed1ng. T\u1ea1i \u0111\u00e2y ng\u01b0\u1eddi d\u00f9ng c\u00f3 th\u1ec3 \u0111\u0103ng k\u00fd t\u00e0i kho\u1ea3n, \u0111\u0103ng nh\u1eadp, t\u1ea3i \u1ee9ng d\u1ee5ng, c\u1eadp nh\u1eadt c\u00e1c ch\u01b0\u01a1ng tr\u00ecnh \u01b0u \u0111\u00e3i m\u1edbi nh\u1ea5t c\u0169ng nh\u01b0 truy c\u1eadp nhanh v\u00e0o c\u00e1c danh m\u1ee5c tr\u00f2 ch\u01a1i n\u1ed5i b\u1eadt.<\/p>\n\t\t<\/div>\n\t<\/div>\n\t\n\t<div id=\"accordion-2629745993\" class=\"accordion-item\">\n\t\t<a id=\"accordion-2629745993-label\" class=\"accordion-title plain\" href=\"#accordion-item-c\u00e1ch-\u0111\u0103ng-k\u00fd-t\u00e0i-kho\u1ea3n-789p-nh\u01b0-th\u1ebf-n\u00e0o?\" aria-expanded=\"false\" aria-controls=\"accordion-2629745993-content\" >\n\t\t\t<button class=\"toggle\" aria-label=\"Chuy\u1ec3n \u0111\u1ed5i\"><i class=\"icon-angle-down\"><\/i><\/button>\n\t\t\t<span>C\u00e1ch \u0111\u0103ng k\u00fd t\u00e0i kho\u1ea3n 789P nh\u01b0 th\u1ebf n\u00e0o?<\/span>\n\t\t<\/a>\n\t\t<div id=\"accordion-2629745993-content\" class=\"accordion-inner\" aria-labelledby=\"accordion-2629745993-label\" >\n\t\t\t\n<p>\u0110\u1ec3 \u0111\u0103ng k\u00fd 789P, ng\u01b0\u1eddi ch\u01a1i ch\u1ec9 c\u1ea7n truy c\u1eadp v\u00e0o trang ch\u1ee7 v\u00e0 ch\u1ecdn m\u1ee5c \u0111\u0103ng k\u00fd. Sau \u0111\u00f3 \u0111i\u1ec1n c\u00e1c th\u00f4ng tin c\u01a1 b\u1ea3n nh\u01b0 t\u00ean \u0111\u0103ng nh\u1eadp, m\u1eadt kh\u1ea9u, s\u1ed1 \u0111i\u1ec7n tho\u1ea1i v\u00e0 x\u00e1c nh\u1eadn t\u00e0i kho\u1ea3n. Th\u00f4ng th\u01b0\u1eddng to\u00e0n b\u1ed9 qu\u00e1 tr\u00ecnh n\u00e0y ch\u1ec9 m\u1ea5t kho\u1ea3ng 30 gi\u00e2y \u0111\u1ebfn 1 ph\u00fat.<\/p>\n\t\t<\/div>\n\t<\/div>\n\t\n\t<div id=\"accordion-1761556862\" class=\"accordion-item\">\n\t\t<a id=\"accordion-1761556862-label\" class=\"accordion-title plain\" href=\"#accordion-item-t\u1ea3i-app-789p-c\u00f3-l\u1ee3i-\u00edch-g\u00ec?\" aria-expanded=\"false\" aria-controls=\"accordion-1761556862-content\" >\n\t\t\t<button class=\"toggle\" aria-label=\"Chuy\u1ec3n \u0111\u1ed5i\"><i class=\"icon-angle-down\"><\/i><\/button>\n\t\t\t<span>T\u1ea3i app 789P c\u00f3 l\u1ee3i \u00edch g\u00ec?<\/span>\n\t\t<\/a>\n\t\t<div id=\"accordion-1761556862-content\" class=\"accordion-inner\" aria-labelledby=\"accordion-1761556862-label\" >\n\t\t\t\n<p>Vi\u1ec7c t\u1ea3i app 789P gi\u00fap ng\u01b0\u1eddi ch\u01a1i truy c\u1eadp nhanh h\u01a1n so v\u1edbi tr\u00ecnh duy\u1ec7t web, \u0111\u1ed3ng th\u1eddi giao di\u1ec7n tr\u00ean \u1ee9ng d\u1ee5ng th\u01b0\u1eddng \u0111\u01b0\u1ee3c t\u1ed1i \u01b0u cho \u0111i\u1ec7n tho\u1ea1i. \u0110i\u1ec1u n\u00e0y gi\u00fap tr\u1ea3i nghi\u1ec7m ch\u01a1i game m\u01b0\u1ee3t m\u00e0 h\u01a1n, \u0111\u1eb7c bi\u1ec7t khi tham gia c\u00e1c tr\u00f2 ch\u01a1i tr\u1ef1c tuy\u1ebfn ho\u1eb7c c\u00e1 c\u01b0\u1ee3c th\u1ec3 thao.<\/p>\n\t\t<\/div>\n\t<\/div>\n\t\n\t<div id=\"accordion-2183292915\" class=\"accordion-item\">\n\t\t<a id=\"accordion-2183292915-label\" class=\"accordion-title plain\" href=\"#accordion-item-ng\u01b0\u1eddi-ch\u01a1i-m\u1edbi-c\u00f3-nh\u1eadn-\u0111\u01b0\u1ee3c-\u01b0u-\u0111\u00e3i-+99k-kh\u00f4ng?\" aria-expanded=\"false\" aria-controls=\"accordion-2183292915-content\" >\n\t\t\t<button class=\"toggle\" aria-label=\"Chuy\u1ec3n \u0111\u1ed5i\"><i class=\"icon-angle-down\"><\/i><\/button>\n\t\t\t<span>Ng\u01b0\u1eddi ch\u01a1i m\u1edbi c\u00f3 nh\u1eadn \u0111\u01b0\u1ee3c \u01b0u \u0111\u00e3i +99K kh\u00f4ng?<\/span>\n\t\t<\/a>\n\t\t<div id=\"accordion-2183292915-content\" class=\"accordion-inner\" aria-labelledby=\"accordion-2183292915-label\" >\n\t\t\t\n<p>Th\u00f4ng th\u01b0\u1eddng, c\u00e1c ch\u01b0\u01a1ng tr\u00ecnh khuy\u1ebfn m\u00e3i d\u00e0nh cho ng\u01b0\u1eddi ch\u01a1i m\u1edbi t\u1ea1i 789P s\u1ebd t\u1eb7ng <strong data-start=\"1427\" data-end=\"1435\">+99K<\/strong> ho\u1eb7c c\u00e1c g\u00f3i th\u01b0\u1edfng t\u01b0\u01a1ng \u0111\u01b0\u01a1ng sau khi \u0111\u0103ng k\u00fd th\u00e0nh c\u00f4ng. \u0110\u00e2y \u0111\u01b0\u1ee3c xem nh\u01b0 kho\u1ea3n tr\u1ea3i nghi\u1ec7m ban \u0111\u1ea7u \u0111\u1ec3 ng\u01b0\u1eddi d\u00f9ng kh\u00e1m ph\u00e1 h\u1ec7 th\u1ed1ng tr\u01b0\u1edbc khi n\u1ea1p ti\u1ec1n.<\/p>\n\t\t<\/div>\n\t<\/div>\n\t\n\t<div id=\"accordion-3801181931\" class=\"accordion-item\">\n\t\t<a id=\"accordion-3801181931-label\" class=\"accordion-title plain\" href=\"#accordion-item-789p-cung-c\u1ea5p-nh\u1eefng-tr\u00f2-ch\u01a1i-n\u00e0o?\" aria-expanded=\"false\" aria-controls=\"accordion-3801181931-content\" >\n\t\t\t<button class=\"toggle\" aria-label=\"Chuy\u1ec3n \u0111\u1ed5i\"><i class=\"icon-angle-down\"><\/i><\/button>\n\t\t\t<span>789P cung c\u1ea5p nh\u1eefng tr\u00f2 ch\u01a1i n\u00e0o?<\/span>\n\t\t<\/a>\n\t\t<div id=\"accordion-3801181931-content\" class=\"accordion-inner\" aria-labelledby=\"accordion-3801181931-label\" >\n\t\t\t\n<p>Kho game t\u1ea1i 789P kh\u00e1 \u0111a d\u1ea1ng v\u1edbi nhi\u1ec1u l\u1ef1a ch\u1ecdn nh\u01b0 casino tr\u1ef1c tuy\u1ebfn, slot machine, b\u1eafn c\u00e1, game b\u00e0i \u0111\u1ed5i th\u01b0\u1edfng v\u00e0 c\u00e1 c\u01b0\u1ee3c th\u1ec3 thao. Nh\u1edd s\u1ef1 phong ph\u00fa n\u00e0y, ng\u01b0\u1eddi ch\u01a1i c\u00f3 th\u1ec3 d\u1ec5 d\u00e0ng t\u00ecm \u0111\u01b0\u1ee3c tr\u00f2 ch\u01a1i ph\u00f9 h\u1ee3p v\u1edbi s\u1edf th\u00edch c\u1ee7a m\u00ecnh.<\/p>\n\t\t<\/div>\n\t<\/div>\n\t\n\t<div id=\"accordion-2023125617\" class=\"accordion-item\">\n\t\t<a id=\"accordion-2023125617-label\" class=\"accordion-title plain\" href=\"#accordion-item-l\u00e0m-sao-\u0111\u1ec3-truy-c\u1eadp-\u0111\u00fang-link-trang-ch\u1ee7-789p?\" aria-expanded=\"false\" aria-controls=\"accordion-2023125617-content\" >\n\t\t\t<button class=\"toggle\" aria-label=\"Chuy\u1ec3n \u0111\u1ed5i\"><i class=\"icon-angle-down\"><\/i><\/button>\n\t\t\t<span>L\u00e0m sao \u0111\u1ec3 truy c\u1eadp \u0111\u00fang link trang ch\u1ee7 789P?<\/span>\n\t\t<\/a>\n\t\t<div id=\"accordion-2023125617-content\" class=\"accordion-inner\" aria-labelledby=\"accordion-2023125617-label\" >\n\t\t\t\n<p>\u0110\u1ec3 tr\u00e1nh truy c\u1eadp nh\u1ea7m c\u00e1c trang gi\u1ea3 m\u1ea1o, ng\u01b0\u1eddi ch\u01a1i n\u00ean v\u00e0o \u0111\u00fang <strong data-start=\"2243\" data-end=\"2272\">trang ch\u1ee7 789P ch\u00ednh th\u1ee9c<\/strong> ho\u1eb7c s\u1eed d\u1ee5ng link truy c\u1eadp m\u1edbi nh\u1ea5t \u0111\u01b0\u1ee3c c\u1eadp nh\u1eadt t\u1eeb h\u1ec7 th\u1ed1ng. \u0110i\u1ec1u n\u00e0y gi\u00fap \u0111\u1ea3m b\u1ea3o t\u00e0i kho\u1ea3n v\u00e0 giao d\u1ecbch lu\u00f4n \u0111\u01b0\u1ee3c an to\u00e0n khi tham gia. \ud83c\udfae<\/p>\n\t\t<\/div>\n\t<\/div>\n\t\n\t<div id=\"accordion-3860126313\" class=\"accordion-item\">\n\t\t<a id=\"accordion-3860126313-label\" class=\"accordion-title plain\" href=\"#accordion-item-li\u00ean-h\u1ec7-v\u1edbi-789p-b\u1eb1ng-c\u00e1ch-n\u00e0o-thu\u1eadn-ti\u1ec7n-nh\u1ea5t?\" aria-expanded=\"false\" aria-controls=\"accordion-3860126313-content\" >\n\t\t\t<button class=\"toggle\" aria-label=\"Chuy\u1ec3n \u0111\u1ed5i\"><i class=\"icon-angle-down\"><\/i><\/button>\n\t\t\t<span>Li\u00ean h\u1ec7 v\u1edbi 789P b\u1eb1ng c\u00e1ch n\u00e0o thu\u1eadn ti\u1ec7n nh\u1ea5t?<\/span>\n\t\t<\/a>\n\t\t<div id=\"accordion-3860126313-content\" class=\"accordion-inner\" aria-labelledby=\"accordion-3860126313-label\" >\n\t\t\t\n<p>Ng\u01b0\u1eddi ch\u01a1i c\u00f3 th\u1ec3 li\u00ean h\u1ec7 v\u1edbi b\u1ed9 ph\u1eadn ch\u0103m s\u00f3c kh\u00e1ch h\u00e0ng c\u1ee7a 789P th\u00f4ng qua nhi\u1ec1u k\u00eanh nh\u01b0 <strong data-start=\"149\" data-end=\"222\">live chat tr\u1ef1c tuy\u1ebfn tr\u00ean trang ch\u1ee7, Telegram, Zalo ho\u1eb7c email h\u1ed7 tr\u1ee3<\/strong>. Trong \u0111\u00f3, live chat th\u01b0\u1eddng l\u00e0 c\u00e1ch nhanh nh\u1ea5t v\u00ec h\u1ec7 th\u1ed1ng h\u1ed7 tr\u1ee3 g\u1ea7n nh\u01b0 24\/7, gi\u00fap gi\u1ea3i \u0111\u00e1p c\u00e1c v\u1ea5n \u0111\u1ec1 nh\u01b0 \u0111\u0103ng k\u00fd t\u00e0i kho\u1ea3n, n\u1ea1p r\u00fat ti\u1ec1n, l\u1ed7i \u0111\u0103ng nh\u1eadp ho\u1eb7c h\u01b0\u1edbng d\u1eabn s\u1eed d\u1ee5ng d\u1ecbch v\u1ee5.<\/p>\n\t\t<\/div>\n\t<\/div>\n\t\n<\/div>\n\t\t<\/div>\n\t\t\t\t\t<\/div>\n\n\t\n<\/div>\n\t\t<\/div>\n\n\t\t\n<style>\n#section_1840563837 {\n  padding-top: 30px;\n  padding-bottom: 30px;\n}\n<\/style>\n\t<\/section>\n\t\n","protected":false},"excerpt":{"rendered":"","protected":false},"author":1,"featured_media":0,"parent":0,"menu_order":0,"comment_status":"closed","ping_status":"closed","template":"page-blank.php","meta":{"footnotes":""},"class_list":["post-11","page","type-page","status-publish","hentry"],"_links":{"self":[{"href":"https:\/\/wxnmsq.ru.com\/index.php\/wp-json\/wp\/v2\/pages\/11","targetHints":{"allow":["GET"]}}],"collection":[{"href":"https:\/\/wxnmsq.ru.com\/index.php\/wp-json\/wp\/v2\/pages"}],"about":[{"href":"https:\/\/wxnmsq.ru.com\/index.php\/wp-json\/wp\/v2\/types\/page"}],"author":[{"embeddable":true,"href":"https:\/\/wxnmsq.ru.com\/index.php\/wp-json\/wp\/v2\/users\/1"}],"replies":[{"embeddable":true,"href":"https:\/\/wxnmsq.ru.com\/index.php\/wp-json\/wp\/v2\/comments?post=11"}],"version-history":[{"count":20,"href":"https:\/\/wxnmsq.ru.com\/index.php\/wp-json\/wp\/v2\/pages\/11\/revisions"}],"predecessor-version":[{"id":185,"href":"https:\/\/wxnmsq.ru.com\/index.php\/wp-json\/wp\/v2\/pages\/11\/revisions\/185"}],"wp:attachment":[{"href":"https:\/\/wxnmsq.ru.com\/index.php\/wp-json\/wp\/v2\/media?parent=11"}],"curies":[{"name":"wp","href":"https:\/\/api.w.org\/{rel}","templated":true}]}}